et z(a) = -6*a - 29. Calculate z(g).
-53
Suppose 3*w - 2*f - 22 = w, 0 = f - 4. Suppose 51 - w = -6*d. Let x(m) = -2*m - 7. What is x(d)?
5
Let z be (-9715)/1015 + 20/(-14). Let o(v) = -8*v + 12. Give o(z).
100
Let t be 55/(-11)*1*-1. Suppose -9 = -4*w + 3*o + 2*o, w = 4*o + t. Let m(d) = -234*d - 226*d + 453*d. Determine m(w).
-7
Let v(u) = 5*u**3 - 4*u**2 - 47*u - 11. Let y(z) = 4*z**3 - 6*z**2 - 42*z - 11. Let k(g) = -6*v(g) + 7*y(g). Give k(-8).
-43
Let y(p) = -p**3 + 7*p**2 - p - 35. Let t be (5 + 10 + -14 - 2) + 7. Calculate y(t).
-5
Suppose 2*y - f = 21, -3*y + 4*f + 41 = 2. Let n = y + 2. Let k(p) = 11*p**2 + 14*p + 10. Let o(v) = 39*v**2 + 44*v + 30. Let z(q) = 7*k(q) - 2*o(q). Give z(n).
-1
Suppose -2*v + 4 = 7*i - 6*i, 4*v + 22 = i. Suppose -i*z + 44 = -21*z. Let n(y) = 4*y + 1. Let a(d) = -2*d - 1. Let o(p) = 5*a(p) + 2*n(p). Give o(z).
5
Let a(l) = 14 - 17*l**2 + 26 - 29*l + 13 - 73 - 2*l**3. Let q(t) = -3*t**3 - 25*t**2 - 44*t - 30. Let y(o) = -8*a(o) + 5*q(o). Give y(-10).
-10
Let u be (-1 + 0 - 4)*-1. Let f be ((-6)/u)/((-33)/550). Let i(a) = -7 - 15*a - 11*a + f*a + 10. Give i(-4).
27
Let x(h) = 6*h + 23. Let w be x(0). Let o = -15 + w. Let a(n) = -8*n + 4 + o + n**2 - 9. Determine a(8).
3
Let h(b) = b + 4. Let u be h(0). Let j(f) = 3*f + u - f**3 + 2*f + 4*f**2 - 3 + 6. Let t = -6 - -11. Give j(t).
7
Let j(g) = -g - 8. Suppose b + 38*b = 546. Let v be (b/(-6))/((11/(-3))/(-11)). Calculate j(v).
-1
Let b be (-2)/8 - 207/(-12). Suppose 2*l + 186 = -d + 190, 3*d = -2*l + 8. Suppose 0 = -d*a - 5 + b. Let u(s) = s - 1. Determine u(a).
5
Let a = -3975 - -4001. Let t(w) be the third derivative of -1/120*w**6 + 0*w + 0 - 1/2*w**3 + 0*w**5 + 1/12*w**4 + a*w**2. Calculate t(2).
-7
Let d(y) = y + 20. Let c be d(0). Let h(x) = 7*x - 4 - 1 - 13*x**2 - 8*x**2 + c*x**2. Give h(4).
7
Let p(h) be the third derivative of 0*h + 1/8*h**4 - 2/3*h**3 - 1/12*h**5 + 52*h**2 - 2. What is p(3)?
-40
Suppose s - 3 = 5*b + 1, 4*b = 3*s - 1. Suppose -5*j + 166 = 4*g, 34 = 2*j - 5*g - 6. Let i(d) = 10*d**2 + 16*d - j*d + 15*d. Give i(b).
9
Let r(y) = 124*y**2 - 7*y - 33. Let o be r(7). Let t(q) = 5 + 3 + 5995*q - o*q. Suppose -2*l + 6 = -4*c + 2, 0 = -l - 4*c - 4. Give t(l).
8
Suppose -a + 5*j + 16 = 0, 0 = a + 111*j - 114*j - 4. Let f(x) = x**3 + 15*x**2 + 6*x - 99. What is f(a)?
13
Let g be (10/(-20))/((-1)/2) + 46. Let p(n) = 1 + 45*n**2 + 2*n + g*n**2 - 93*n**2 - 5*n. Determine p(-6).
-17
Let v(l) = l**2 - 7*l - 7. Let n(r) = -2*r**2 + 13*r + 14. Let b(i) = -3*n(i) - 5*v(i). Let d = 10 + -7. Let p be 4 - (0 + -3)/d. Determine b(p).
-2
Let s(k) = 129 - 411 + 133 + 130 + 2*k + k. Give s(20).
41
Let r(i) be the first derivative of -i**4/4 - 2*i**3/3 + 5*i**2/2 + 6*i - 4. Let y(h) = -h**3 + 27*h**2 + 139*h - 1474. Let d be y(30). What is r(d)?
18
Suppose 2 = -l + 17. Suppose -3*g = -5*v - 7, v + l = 3*g - 8. Suppose -g*y = 5 + 58. Let j(z) = z + 3. Give j(y).
-4
Let f be (-6)/(4 - (-16)/(-8)). Let h(v) = 2*v**2 + v. What is h(f)?
15
Let z(y) = 3*y + 120. Let n be z(-40). Let p(t) = 3*t**3 - t**2 + 3*t - 1. Determine p(n).
-1
Let j(i) = i - 1. Let v(p) = p - 2. Let y(c) = -2*j(c) + v(c). Let k(n) = 5*n - 3. Let s(w) = -k(w) - 6*y(w). Suppose 19*h + 427 = -42*h. Calculate s(h).
-4
Let y(t) = -20*t - 143*t**2 + 9*t - t**3 + 130*t**2 - 26 + 10*t. Calculate y(-13).
-13
Let a(x) = -x**2 + 9*x + 116. Let s be a(-7). Let f(r) be the second derivative of 0 + 1/3*r**3 - 6*r + s*r**2. Determine f(-7).
-6
Let u(w) = -3*w - 2. Let x(i) = -5*i - 4. Let q(o) = 7*u(o) - 4*x(o). Let a(l) = 7 + 16 - 1 - 3 + 2*l. Let p be a(-6). Determine q(p).
-5
Let i be (-8)/(-1) + (-1 - 5). Let v(k) = -43*k + 2*k**i + 0 + 3 + 57*k. Calculate v(-7).
3
Let s(r) be the second derivative of -11*r**3/3 - 111*r**2/2 + 1710*r. Give s(-5).
-1
Let m(u) = 254*u + 258*u + 2*u**2 + 32*u**3 + 1 + 268*u - 782*u. What is m(1)?
33
Let t(l) = -260*l - 13776. Let c be t(-53). Let n(v) be the first derivative of 2 - 1/4*v**4 - 1/2*v**2 + 5/3*v**3 - 2*v. Give n(c).
10
Let y(w) = 19*w + 1. Let l(s) = 83 - s - 43 - 40. Let q(z) = -4*l(z) - y(z). Suppose 5*j = -t + 2*t - 7, 2*j - 2*t = -6. Calculate q(j).
14
Let f(d) = -d + 6. Suppose -2*j + 1112 = 5*l, 20*l - 17*l - 2252 = -4*j. Let o = 575 - j. Calculate f(o).
-3
Let d(y) = 8*y - 9. Let z(j) = -38*j + 50. Let a(b) = 11*d(b) + 2*z(b). What is a(1)?
13
Suppose 16 - 11 = h. Suppose 7*t - h*t = 2. Let l(s) be the second derivative of -17*s**3/6 + s**2/2 + 14*s - 1. Determine l(t).
-16
Let g = 782 + -607. Let r(l) = -53*l - 8 - 62*l + g*l - 59*l. Give r(0).
-8
Let i(k) = -2*k - 1. Let u(r) = -2. Let f(h) = -9*i(h) + 10*u(h). Determine f(1).
7
Suppose 0 = 21*k - 17*k + 20. Let i be ((-34)/k)/(((-12)/15)/(-2)). Let c(o) = -5*o + 2 + i*o - 11*o. Calculate c(-3).
-1
Let t(k) = 12*k**2 - 1. Let f(d) = -4*d - 13. Let w(y) = 7*y + 27. Let g(b) = 5*f(b) + 3*w(b). Let a be g(-11). Suppose -a*h + 0 = 5. Calculate t(h).
11
Let i(d) = d**3 - 9*d**2 - 13*d + 8. Suppose 0 = -t - 5*m - 20, 3 = 4*t - m - 22. Let u(h) = 3*h - 5. Let n be u(t). What is i(n)?
-22
Suppose -2*i - 2*i = -5*x - 43, 0 = -3*x - 9. Suppose 0 = -3*w - 5*g - i, 52*g - 12 = -2*w + 57*g. Let s(o) = -27*o**2 + 2*o - 1. Calculate s(w).
-26
Let v be (2*11)/((-5)/((-45)/18)). Let r = 5 - 2. Let c(p) = r*p - p + v*p. Give c(1).
13
Let l = 3393 - 3402. Let b(x) = x**2 + 14*x - 2. Give b(l).
-47
Let s(m) be the first derivative of -m**4/4 + 4*m**3 + 11*m**2/2 + 23*m - 871. Give s(13).
-3
Let y be (8/(-36))/(((-3)/(-12))/((-45)/20)). Let k(w) = w**2 - 2*w + 8. Give k(y).
8
Let b(k) = 15*k + 5*k**2 - 23*k**2 + 30 + 34*k**2 + 108*k**3 - 107*k**3. Calculate b(-15).
30
Let g(j) = j**3 - 8*j**2 + 11*j + 22. Let x be g(4). Let a be 3 - ((1 + -3)*x + 8). Let y(p) be the second derivative of p**3/6 + p. Determine y(a).
-1
Suppose 371 = 65*a + 1541. Let g(z) = -z**2 - 17*z + 33. Calculate g(a).
15
Let v(g) = -2*g**2 - 6*g + 7. Let o(n) = -4*n + 30. Let w be o(6). Let j be 1260/(-225) - w/(-10). Calculate v(j).
-13
Let h = -91 + 150. Suppose 4*o + h = 7. Let a(v) be the first derivative of -v**4/4 - 14*v**3/3 - 7*v**2 - 9*v - 313. Give a(o).
4
Let u(z) be the first derivative of 7*z**2/2 + 2*z + 20585. Let t(c) = -c**3 + 4*c**2 + 7*c - 6. Let r be t(5). Determine u(r).
30
Let h(t) = -t**3 - 5*t**2 - 3*t + 6. Let y be h(-4). Let k(u) = 4*u + 10*u**2 - 4 + 2 - 11*u**y + 7. Give k(6).
-7
Let m(k) be the second derivative of 2/3*k**3 + 1/2*k**2 - 1/12*k**4 - 1/20*k**5 + 0 - 9*k. Let g be m(-3). Let a(s) = -s**3 + 8*s**2 - 9*s + 7. Give a(g).
-7
Let s(z) = z - 1. Suppose 2*f - 11 = f + 3*a, 5*f = -2*a + 123. Suppose -8*u + f = -25. Suppose 8*q = u*q + 2. What is s(q)?
0
Let o = 3356 + -3348. Let t(a) = a**3 - 9*a**2 + 10*a + 2. What is t(o)?
18
Let l(t) = -3*t**3 + t**2 - 1. Let b = -6 + 30. Suppose -2*s + b = 4*m, -7*m = 2*s - 2*m - 29. Suppose 6*c - 4 = s*c. Determine l(c).
-3
Suppose -4*m + 4 = 20. Let p(f) = 512*f**2 - 7*f + f**3 - 6 + 544*f**2 - 1053*f**2. Determine p(m).
6
Suppose g + 5*f - 2 = 0, -2*g + 4 = f - 0*f. Let v(k) = -k + k + 2*k**g + k + 4 + 7*k + 0*k. Give v(-4).
4
Let a(g) = -g**2 - 5*g**2 + g + 1 + 7*g**2. Let s(x) = 3*x**2 + 49*x + 96. Let w be s(-14). What is a(w)?
3
Let u(r) = 7*r - 15. Let d(q) = q**3 + 23*q**2 + q + 26. Let f be d(-23). Let c(n) = 6*n - 13. Let g(t) = f*c(t) - 2*u(t). Give g(6).
15
Let d(j) = -44*j + 3 + 1 + 59*j - 6. Let z = -8 + 11. Calculate d(z).
43
Let r(j) be the second derivative of 3*j**3/2 - 77*j**2 - 579*j - 7. What is r(17)?
-1
Let f(z) = -2*z - 5. Let w = 96 + -89. Let q be (5 - w)*21/(-2). Suppose -14 = 5*o + q. What is f(o)?
9
Let u(o) be the first derivative of o**4/12 - 4*o**3/3 - 11*o**2/2 + 62*o - 87. Let n(v) be the first derivative of u(v). What is n(8)?
-11
Let m(i) = -2*i**2 + 23*i - 33. Suppose -4*a + 66 = 5*f, 44 - 16 = 4*f - 3*a. Let p be m(f). Let w(c) = c**3 + 4*c**2 + c + 1. Calculate w(p).
7
Let j(y) = -1 + 11*y - 27*y + 7*y + 3 + 0*y. Suppose 0*p + 37 = -3*c - 2*p, 3*c + 57 = 3*p. Let l be -1 + 5/(c/(-9)). Determine j(l).
-16
Let n = 58/55 + -137/132. Let j(a) be the third derivative of -n*a**5 + 0*a - 2/3*a**3 + 9*a**2 + 0 + 1/6*a**4. What is j(4)?
-4
Suppose 4*m = -0*g - 4*g - 440, -3*g + m - 326 = 0. Let q be g*(0/2 - -1). Let l = 114 + q. Let b(w) = w